divided by w - -6 - 3*m.
2
Let c = 38 - 27. Suppose 20*p + 23 = 203. Suppose -p*f = -9 - 279. Calculate the remainder when f is divided by c.
10
What is the remainder when (-540)/(-9) - (-6 - -3) is divided by 17?
12
Suppose -58*w - 449 = -7467. What is the remainder when w is divided by 2?
1
Let y(g) = -g**3 - 6*g**2 - 9*g + 5. Suppose -a = 4*a - 25. Suppose -3*d = 4*i - a, -6*d + 8 = -2*d + 4*i. Calculate the remainder when y(-4) is divided by d.
0
Suppose -627 = -13*q - 5*q - q. Suppose 395 = 5*b + k - 93, b = k + 100. Calculate the remainder when b is divided by q.
32
Let s(h) = 5*h - 9. Let w(g) = 13*g**3 + 1. Let i be w(1). Suppose i*p + 177 = 17*p. Calculate the remainder when p is divided by s(8).
28
What is the remainder when 51 is divided by ((-286)/(-176) + (-3)/8)*8?
1
Suppose -3*t + 21 = 3*c, 3*c = -3*t + t + 18. Let j(l) = t*l - 8 - 2*l + 2 - l**2 + 5*l**2. Calculate the remainder when j(4) is divided by 21.
20
Let m = 63 + 31. Suppose 6 = -2*x, -2*x - m = -4*a + 32. Calculate the remainder when 88 is divided by a.
28
Suppose 2*n = -l + 14, 3*n = 4*l - 0*l - 67. Suppose 5*i - 17 = 63. What is the remainder when (((-188)/i)/1)/((-2)/8) is divided by l?
15
Let l(w) = -w**3 + 8*w**2 - 12*w + 4. Let i(a) = a**2 + 4*a - 2. Let v be i(-5). Suppose -6 - 9 = -v*s. What is the remainder when 54 is divided by l(s)?
16
Let g(a) = a**2 - 10*a - 12. Let x be g(11). Let y = 17 - x. Calculate the remainder when y is divided by 2 + (-22)/(-6) - 2/3.
3
Let h(u) = -u**2 - 6*u + 5. Let i = 13 - 18. Let q(n) = n**2 + 5*n + 5. What is the remainder when q(-7) is divided by h(i)?
9
Suppose -10*k + 6*k + 5*f + 184 = 0, -k = -5*f - 31. What is the remainder when k is divided by 4?
3
Let r(l) = -2*l + 22. What is the remainder when 59 is divided by r(-5)?
27
Suppose 0 = 2*m + 42 - 2. Let d be (42/(-35))/((-2)/m). Let a = d + 17. Calculate the remainder when a is divided by 3.
2
Suppose 0 = y + 4*j + 9, 7*y + 2*j = 3*y + 34. Calculate the remainder when (-267)/(-5) - 12/30 is divided by y.
9
Let z be (-115)/(-40) - (-3)/24. Let s = z + 1. Suppose -s*l = l - 85. Calculate the remainder when 49 is divided by l.
15
Suppose 563*i - 558*i - 82 = 4*j, 3*i + j - 39 = 0. Let u(y) = -y**2 - 6*y + 1. Calculate the remainder when i is divided by u(-5).
2
Let j(t) = t + 2. Let w be j(0). Let f(p) = -2*p - 3*p**3 + 1 + p**w + 2*p + 3*p. What is the remainder when f(-2) is divided by 13?
10
Let n(t) = 50*t - 289. Calculate the remainder when 402 is divided by n(6).
6
Let q = 88 + -83. Suppose -q*o = -2*d - 463, -5*d = -2*o - 4*d + 185. What is the remainder when o is divided by 48?
45
Let t(r) be the second derivative of -3/20*r**5 + 0 - 1/3*r**3 - 1/6*r**4 - 4*r - 2*r**2. What is the remainder when t(-3) is divided by 17?
14
Suppose -3*q + 105 = 2*d, -2*d = 5*q + 2 - 109. Calculate the remainder when 458 is divided by d.
50
Let o be (-2)/(-5) + 1554/(-35). Let q = -15 - o. Calculate the remainder when q is divided by 6.
5
Let d(l) = 0*l - 1 + l + 2 + 8. What is the remainder when 70 is divided by d(9)?
16
Let h be (9 - 8)/((-1)/2). Let a = -26 - -56. Calculate the remainder when a is divided by h/1 - -3 - -15.
14
Suppose -a + 11 = a - 3*n, -4*a + 5*n = -21. Suppose 63 + 25 = -a*o. Let g = o - -65. Calculate the remainder when g is divided by 15.
13
Suppose 3*v + x - 169 = 2*x, -4*x = -20. Suppose -q + 30 + 30 = n, 5*n = -4*q + 298. Let u = n + -38. Calculate the remainder when v is divided by u.
18
Suppose 0 = 5*s - 5, -3*s - 35 + 0 = -2*h. Let p = 3 + h. Calculate the remainder when 129 is divided by p.
19
Suppose -35 = 4*v - 143. What is the remainder when 186 is divided by v?
24
Calculate the remainder when (10/8)/5 + 8580/48 is divided by 10.
9
Let z be (6 - -1)*36/7. Suppose -a - z = -3*a. What is the remainder when 34 is divided by a?
16
Let f(n) = -n**2 - 5*n - 4. Let g be f(-4). Let d(m) = 10 + 0*m + 0*m**2 + 2*m**2 + 2*m + 0*m. What is the remainder when 19 is divided by d(g)?
9
Let s = 25 + 3. Suppose 0 = -2*a - 5*a + 14. Suppose -u = 2*x - 4*u - 214, a*u = 4*x - 428. What is the remainder when x is divided by s?
23
Suppose 0 = 6*h - 11*h - 5*w + 655, 3*h - 385 = -5*w. Calculate the remainder when h is divided by 57.
21
Suppose -5*c = 38 - 43. What is the remainder when 64 is divided by 15 - (c - 4/1)?
10
Suppose -2*g = -1 - 3. Suppose 0 = g*j - 5*j + 33. Calculate the remainder when 19 is divided by j.
8
Suppose 3*j + 136 = -5*m - 77, 20 = 5*j. Let f = -34 - m. What is the remainder when f is divided by 7?
4
Let a = -2468 - -2472. Suppose 3*n + 13 = 4*n. Calculate the remainder when n is divided by a.
1
Let t = -54 - -59. What is the remainder when (-4 + t)/((-3)/(-249)) is divided by 14?
13
What is the remainder when 156 is divided by 2/(-14) + ((-2560)/(-70))/4?
3
Let r(c) = 88*c - 8*c**3 - c**2 - 88*c - 4. Let s be r(-2). Suppose -8*h = s - 168. Calculate the remainder when 27 is divided by h.
13
Let a = -52 - -27. Let t be 90/a - (-3)/5. What is the remainder when 58 is divided by (2 + -2 - t) + 17?
18
Suppose -4*j + 4*x + 204 = 0, -j + x + 99 = j. Suppose 4*h - 135 = -h. Calculate the remainder when j is divided by h.
21
Let o = 599 + -583. What is the remainder when 60 is divided by o?
12
Suppose 4*f + 60 = 5*f. Suppose j = -2*y + 2 + 12, 4*y - f = -4*j. What is the remainder when 60 is divided by j?
12
Let z(o) = o + 14. Let d be z(-10). Suppose 5*g - 3*j + 6*j - 92 = 0, -j = -4*g + 77. Calculate the remainder when g is divided by ((-10)/d)/(2/(-4)).
4
Suppose b - 162 = -b - z, -5*b = -4*z - 392. What is the remainder when b is divided by 26?
2
Let f(z) = 2*z**3 - 3*z**2 + z. Let r be f(2). Let n be (-30)/4*4/r. Let v(c) = -c**3 - 4*c**2 - 7. Calculate the remainder when 69 is divided by v(n).
15
Let p(u) = u**3 - 5*u**2 + 3*u - 4. Let o be p(5). Suppose -5*d + o = -64. Calculate the remainder when 57 is divided by d.
12
Suppose 0 = -5*k + 3*u + 27, 5*k = 6*k + 2*u + 5. Let a(x) = x + 7. Let c be a(-7). Let i = c + 3. Calculate the remainder when k is divided by i.
0
Let z(v) = -105*v - 6. What is the remainder when z(-8) is divided by 21?
15
Let u(q) = -4*q - 136. Calculate the remainder when 88 is divided by u(-40).
16
Let u(w) = 9*w**2. Let q be u(1). Suppose -24 = -3*k + q. Suppose 5*i = 31 - 11. Calculate the remainder when k is divided by i.
3
Suppose -5*r = 3 - 23. What is the remainder when r/(-2) + 0 + 18 is divided by (-26)/(-5) - (-56)/70?
4
Suppose 3162*x = 3174*x - 120. Calculate the remainder when 128 is divided by x.
8
Let o(c) = c + 5. Let v be o(0). Suppose 0 = 2*z + 5*t + 30, v*z - 3*t + 22 = -22. Let u(f) = -3*f + 23. Calculate the remainder when u(z) is divided by 11.
9
Let p(l) be the third derivative of 13*l**4/24 - 3*l**3/2 - 4*l**2. Calculate the remainder when p(5) is divided by 19.
18
Suppose 4*c - 130 = -5*t, -5*t + 8*c = 4*c - 90. Suppose -63*a = -71*a + 64. Calculate the remainder when t is divided by a.
6
Let j(h) = 15*h. Let b be j(5). Suppose b = 5*v - 135. Let k(n) = -5*n + 50. What is the remainder when v is divided by k(7)?
12
Let z = 1048 - 883. What is the remainder when z is divided by 80?
5
Suppose -s + 3 + 2 = 0. Let x(z) be the second derivative of z**4/12 + 5*z**3/6 - 5*z**2/2 - 4*z. What is the remainder when x(-7) is divided by s?
4
Let j = -43 + 48. Let x(m) = -m + 17. Calculate the remainder when 45 is divided by x(j).
9
Suppose -165*c + 42 = -162*c. What is the remainder when 33 is divided by c?
5
Let w(z) = 3*z - 2. Let l be w(2). Suppose 67 = l*v - 13. Calculate the remainder when 76 is divided by v.
16
Calculate the remainder when 249 is divided by 24/204 - (-948)/34.
25
Suppose 23 = 2*j + 5*u, 26 = -88*j + 90*j + 2*u. Calculate the remainder when 587 is divided by j.
13
What is the remainder when 455 is divided by ((-102)/(-12))/(2/12)?
47
Suppose 4*z = 3*a + 727, 2*z - 192 = 2*a + 174. What is the remainder when z is divided by 53?
19
Let k be -3 + (6/(-8) - (-2)/(-8)). What is the remainder when (-23)/(((-12)/(-21))/k) is divided by 27?
26
Suppose 2*d + 299 = 4*w + 1019, 0 = 4*w + 12. What is the remainder when d is divided by 51?
48
Let j(g) = -g**3 + 9*g**2 - 5*g - 3. Let n = -73 + 72. What is the remainder when j(6) is divided by (53 - (-16)/4)*n/(-3)?
18
Suppose 179 + 276 = 13*i. Suppose 6